{"id":114,"date":"2026-03-04T17:54:51","date_gmt":"2026-03-04T16:54:51","guid":{"rendered":"http:\/\/rehabilitacja.lodz.pl\/?page_id=114"},"modified":"2026-03-04T18:00:23","modified_gmt":"2026-03-04T17:00:23","slug":"program-rehabilitacji-narzadow-ruchu","status":"publish","type":"page","link":"https:\/\/rehabilitacja.lodz.pl\/index.php\/program-rehabilitacji-narzadow-ruchu\/","title":{"rendered":"Program rehabilitacji narz\u0105d\u00f3w ruchu"},"content":{"rendered":"\n<p>G\u0142\u00f3wnym celem jest poprawa stanu funkcjonalnego uczestnik\u00f3w projektu, co pozwoli wznowi\u0107 lub wyd\u0142u\u017cy\u0107 aktywno\u015b\u0107 zawodow\u0105. W wyniku projektu zmniejsz\u0105 si\u0119 dolegliwo\u015bci pacjent\u00f3w, wzro\u015bnie aktywno\u015b\u0107 fizyczna i wiedza na temat w\u0142a\u015bciwych zachowa\u0144 zdrowotnych i ergonomii w miejscu pracy.<br><br><strong>DLA KOGO<\/strong><\/p>\n\n\n\n<p><\/p>\n\n\n\n<ul class=\"wp-block-list\">\n<li>mieszka\u0144cy \u0141odzi, pow. \u0142\u00f3dzkiego wschodniego i pabianickiego<\/li>\n<\/ul>\n\n\n\n<ul class=\"wp-block-list\">\n<li>osoby bezrobotne zarejestrowane w PUP<\/li>\n<\/ul>\n\n\n\n<ul class=\"wp-block-list\">\n<li>osoby zatrudnione na podstawie umowy o prace lub prowadz\u0105ce w\u0142asna dzia\u0142alno\u015b\u0107 gospodarcz\u0105<\/li>\n<\/ul>\n\n\n\n<ul class=\"wp-block-list\">\n<li>pacjenci z diagnoz\u0105 nie starsz\u0105 ni\u017c 12 miesi\u0119cy<\/li>\n<\/ul>\n\n\n\n<ul class=\"wp-block-list\">\n<li><strong>M15 \u2013 Zwyrodnienie wielostawowe<\/strong><\/li>\n<\/ul>\n\n\n\n<ul class=\"wp-block-list\">\n<li><strong>M16 \u2013 Koksartroza [choroba zwyrodnieniowa stawu biodrowego]<\/strong><\/li>\n<\/ul>\n\n\n\n<ul class=\"wp-block-list\">\n<li><strong>M17 \u2013 Gonartroza [choroba zwyrodnieniowa stawu kolanowego]<\/strong><\/li>\n<\/ul>\n\n\n\n<ul class=\"wp-block-list\">\n<li><strong>M19 \u2013 INNE zwyrodnienia staw\u00f3w<\/strong><\/li>\n<\/ul>\n\n\n\n<ul class=\"wp-block-list\">\n<li><strong>M40 \u2013 kifoza i lordoza<\/strong><\/li>\n<\/ul>\n\n\n\n<ul class=\"wp-block-list\">\n<li><strong>M41 \u2013 skolioza<\/strong><\/li>\n<\/ul>\n\n\n\n<ul class=\"wp-block-list\">\n<li><strong>M47 \u2013 zmiany zwyrodnieniowe kr\u0119gos\u0142upa<\/strong><\/li>\n<\/ul>\n\n\n\n<ul class=\"wp-block-list\">\n<li><strong>M48 \u2013 inne choroby kr\u0119gos\u0142upa<\/strong><\/li>\n<\/ul>\n\n\n\n<ul class=\"wp-block-list\">\n<li><strong>M49 \u2013 spondylopatie w przebiegu chor\u00f3b sklasyfikowanych gdzie indziej<\/strong><\/li>\n<\/ul>\n\n\n\n<ul class=\"wp-block-list\">\n<li><strong>M50 \u2013 choroby kr\u0105\u017ck\u00f3w mi\u0119dzykr\u0119gowych szyjnych<\/strong><\/li>\n<\/ul>\n\n\n\n<ul class=\"wp-block-list\">\n<li><strong>M51 \u2013 inne choroby kr\u0105\u017cka mi\u0119dzykr\u0119gowego<\/strong><\/li>\n<\/ul>\n\n\n\n<ul class=\"wp-block-list\">\n<li><strong>M53 \u2013 inne choroby grzbietu<\/strong><\/li>\n<\/ul>\n\n\n\n<ul class=\"wp-block-list\">\n<li><strong>M54 \u2013 b\u00f3le grzbietu<\/strong><\/li>\n<\/ul>\n\n\n\n<ul class=\"wp-block-list\">\n<li><strong>M70 \u2013 choroby tkanek mi\u0119kkich zwi\u0105zane z ich u\u017cywaniem, przem\u0119czeniem i przeci\u0105\u017ceniem<\/strong><\/li>\n<\/ul>\n\n\n\n<ul class=\"wp-block-list\">\n<li><strong>M75 \u2013 szkodzenia barku<\/strong><\/li>\n<\/ul>\n\n\n\n<ul class=\"wp-block-list\">\n<li><strong>M76 \u2013 entezopatie ko\u0144czyn dolnej, z wy\u0142\u0105czeniem stopy<\/strong><\/li>\n<\/ul>\n\n\n\n<ul class=\"wp-block-list\">\n<li><strong>M77 \u2013 inne entezopatie<\/strong><\/li>\n<\/ul>\n\n\n\n<p>Projekt obejmuje do <strong>300 os\u00f3b.<\/strong><br><\/p>\n\n\n\n<p><strong>Ka\u017cdy z pacjent\u00f3w, kt\u00f3ry zakwalifikuje si\u0119 do projektu otrzymuje r\u0119cznik od rehabiliki.<\/strong><\/p>\n\n\n\n<p>Zostanie r\u00f3wnie\u017c zapewnione wsparcie edukacyjne:<\/p>\n\n\n\n<ul class=\"wp-block-list\">\n<li>Edukacja prozdrowotna <\/li>\n\n\n\n<li>Warsztat z dietetykiem<\/li>\n\n\n\n<li>Warsztat z psychologiem<\/li>\n<\/ul>\n\n\n\n<p><strong>Etap 1<\/strong><\/p>\n\n\n\n<ol class=\"wp-block-list\">\n<li>Porada kwalifikacyjna<br><strong>OBOWI\u0104ZKOWA DOKUMENTACJA MEDYCZNA, KT\u00d3R\u0104 MUSI POSIADA\u0106 PACJENT NA 1 WIZYCIE:<\/strong><br>&#8211; WYNIKI BADA\u0143 OBRAZOWYCH I NEUROFIZJOLOGICZNYCH (EEG,EMG,ENG) LUB<br>&#8211; ODPISY DOKUMENTACJI LECZENIA AMBULATORYJNEGO LUB<br>&#8211; KARTY INFORMACYJNE LECZENIA SZPITALNEGO<strong><br><\/strong><\/li>\n\n\n\n<li>Do 10 dni zabiegowych<\/li>\n<\/ol>\n\n\n\n<p><strong>Etap 2<\/strong><\/p>\n\n\n\n<ol class=\"wp-block-list\">\n<li>Wizyta kontrolna u lekarza specjalisty<\/li>\n\n\n\n<li>150 os\u00f3b zostanie zakwalifikowana na kolejn\u0105 rehabilitacj\u0119<\/li>\n<\/ol>\n\n\n\n<p>Dla tej grupy pacjent\u00f3w zostanie zakupiony drobny sprz\u0119t do dalszej rehabilitacji w domu.<\/p>\n\n\n\n<p>Zostan\u0105 r\u00f3wnie\u017c zapewnione karnety sportowe lub wej\u015bcia na basen. Na dany rodzaj wsparcia pacjenci zostan\u0105 skierowani w zale\u017cno\u015bci od indywidualnych potrzeb zdrowotnych. <\/p>\n\n\n\n<p><strong>Etap 3 <\/strong><\/p>\n\n\n\n<ol class=\"wp-block-list\">\n<li>Wizyta ko\u0144cowa<\/li>\n<\/ol>\n\n\n<div class=\"gsp_post_data\" \r\n\t            data-post_type=\"page\" \r\n\t            data-cat=\"\" \r\n\t            data-modified=\"120\"\r\n\t            data-created=\"1772646891\"\r\n\t            data-title=\"Program rehabilitacji narz\u0105d\u00f3w ruchu\" \r\n\t            data-home=\"https:\/\/rehabilitacja.lodz.pl\"><\/div>","protected":false},"excerpt":{"rendered":"<p>G\u0142\u00f3wnym celem jest poprawa stanu funkcjonalnego uczestnik\u00f3w projektu, co pozwoli wznowi\u0107 lub wyd\u0142u\u017cy\u0107 aktywno\u015b\u0107 zawodow\u0105. W wyniku projektu zmniejsz\u0105 si\u0119 dolegliwo\u015bci pacjent\u00f3w, wzro\u015bnie aktywno\u015b\u0107 fizyczna i wiedza na temat w\u0142a\u015bciwych zachowa\u0144 zdrowotnych i ergonomii w miejscu pracy. DLA KOGO Projekt obejmuje do 300 os\u00f3b. Ka\u017cdy z pacjent\u00f3w, kt\u00f3ry zakwalifikuje si\u0119 do projektu otrzymuje r\u0119cznik od [&hellip;]<\/p>\n","protected":false},"author":2,"featured_media":0,"parent":0,"menu_order":0,"comment_status":"closed","ping_status":"closed","template":"","meta":{"saved_in_kubio":false,"footnotes":""},"class_list":["post-114","page","type-page","status-publish","hentry"],"kubio_ai_page_context":{"short_desc":"","purpose":"general"},"_links":{"self":[{"href":"https:\/\/rehabilitacja.lodz.pl\/index.php\/wp-json\/wp\/v2\/pages\/114","targetHints":{"allow":["GET"]}}],"collection":[{"href":"https:\/\/rehabilitacja.lodz.pl\/index.php\/wp-json\/wp\/v2\/pages"}],"about":[{"href":"https:\/\/rehabilitacja.lodz.pl\/index.php\/wp-json\/wp\/v2\/types\/page"}],"author":[{"embeddable":true,"href":"https:\/\/rehabilitacja.lodz.pl\/index.php\/wp-json\/wp\/v2\/users\/2"}],"replies":[{"embeddable":true,"href":"https:\/\/rehabilitacja.lodz.pl\/index.php\/wp-json\/wp\/v2\/comments?post=114"}],"version-history":[{"count":4,"href":"https:\/\/rehabilitacja.lodz.pl\/index.php\/wp-json\/wp\/v2\/pages\/114\/revisions"}],"predecessor-version":[{"id":120,"href":"https:\/\/rehabilitacja.lodz.pl\/index.php\/wp-json\/wp\/v2\/pages\/114\/revisions\/120"}],"wp:attachment":[{"href":"https:\/\/rehabilitacja.lodz.pl\/index.php\/wp-json\/wp\/v2\/media?parent=114"}],"curies":[{"name":"wp","href":"https:\/\/api.w.org\/{rel}","templated":true}]}}

Program rehabilitacji narządów ruchu

<p>Głównym celem jest poprawa stanu funkcjonalnego uczestników projektu, co pozwoli wznowić lub wydłużyć aktywność zawodową. W wyniku projektu zmniejszą się dolegliwości pacjentów, wzrośnie aktywność fizyczna i wiedza na temat właściwych zachowań zdrowotnych i ergonomii w miejscu pracy.<br><br><strong>DLA KOGO</strong></p>



<p></p>



<ul class="wp-block-list">
<li>mieszkańcy Łodzi, pow. łódzkiego wschodniego i pabianickiego</li>
</ul>



<ul class="wp-block-list">
<li>osoby bezrobotne zarejestrowane w PUP</li>
</ul>



<ul class="wp-block-list">
<li>osoby zatrudnione na podstawie umowy o prace lub prowadzące własna działalność gospodarczą</li>
</ul>



<ul class="wp-block-list">
<li>pacjenci z diagnozą nie starszą niż 12 miesięcy</li>
</ul>



<ul class="wp-block-list">
<li><strong>M15 – Zwyrodnienie wielostawowe</strong></li>
</ul>



<ul class="wp-block-list">
<li><strong>M16 – Koksartroza [choroba zwyrodnieniowa stawu biodrowego]</strong></li>
</ul>



<ul class="wp-block-list">
<li><strong>M17 – Gonartroza [choroba zwyrodnieniowa stawu kolanowego]</strong></li>
</ul>



<ul class="wp-block-list">
<li><strong>M19 – INNE zwyrodnienia stawów</strong></li>
</ul>



<ul class="wp-block-list">
<li><strong>M40 – kifoza i lordoza</strong></li>
</ul>



<ul class="wp-block-list">
<li><strong>M41 – skolioza</strong></li>
</ul>



<ul class="wp-block-list">
<li><strong>M47 – zmiany zwyrodnieniowe kręgosłupa</strong></li>
</ul>



<ul class="wp-block-list">
<li><strong>M48 – inne choroby kręgosłupa</strong></li>
</ul>



<ul class="wp-block-list">
<li><strong>M49 – spondylopatie w przebiegu chorób sklasyfikowanych gdzie indziej</strong></li>
</ul>



<ul class="wp-block-list">
<li><strong>M50 – choroby krążków międzykręgowych szyjnych</strong></li>
</ul>



<ul class="wp-block-list">
<li><strong>M51 – inne choroby krążka międzykręgowego</strong></li>
</ul>



<ul class="wp-block-list">
<li><strong>M53 – inne choroby grzbietu</strong></li>
</ul>



<ul class="wp-block-list">
<li><strong>M54 – bóle grzbietu</strong></li>
</ul>



<ul class="wp-block-list">
<li><strong>M70 – choroby tkanek miękkich związane z ich używaniem, przemęczeniem i przeciążeniem</strong></li>
</ul>



<ul class="wp-block-list">
<li><strong>M75 – szkodzenia barku</strong></li>
</ul>



<ul class="wp-block-list">
<li><strong>M76 – entezopatie kończyn dolnej, z wyłączeniem stopy</strong></li>
</ul>



<ul class="wp-block-list">
<li><strong>M77 – inne entezopatie</strong></li>
</ul>



<p>Projekt obejmuje do <strong>300 osób.</strong><br></p>



<p><strong>Każdy z pacjentów, który zakwalifikuje się do projektu otrzymuje ręcznik od rehabiliki.</strong></p>



<p>Zostanie również zapewnione wsparcie edukacyjne:</p>



<ul class="wp-block-list">
<li>Edukacja prozdrowotna </li>



<li>Warsztat z dietetykiem</li>



<li>Warsztat z psychologiem</li>
</ul>



<p><strong>Etap 1</strong></p>



<ol class="wp-block-list">
<li>Porada kwalifikacyjna<br><strong>OBOWIĄZKOWA DOKUMENTACJA MEDYCZNA, KTÓRĄ MUSI POSIADAĆ PACJENT NA 1 WIZYCIE:</strong><br>&#8211; WYNIKI BADAŃ OBRAZOWYCH I NEUROFIZJOLOGICZNYCH (EEG,EMG,ENG) LUB<br>&#8211; ODPISY DOKUMENTACJI LECZENIA AMBULATORYJNEGO LUB<br>&#8211; KARTY INFORMACYJNE LECZENIA SZPITALNEGO<strong><br></strong></li>



<li>Do 10 dni zabiegowych</li>
</ol>



<p><strong>Etap 2</strong></p>



<ol class="wp-block-list">
<li>Wizyta kontrolna u lekarza specjalisty</li>



<li>150 osób zostanie zakwalifikowana na kolejną rehabilitację</li>
</ol>



<p>Dla tej grupy pacjentów zostanie zakupiony drobny sprzęt do dalszej rehabilitacji w domu.</p>



<p>Zostaną również zapewnione karnety sportowe lub wejścia na basen. Na dany rodzaj wsparcia pacjenci zostaną skierowani w zależności od indywidualnych potrzeb zdrowotnych. </p>



<p><strong>Etap 3 </strong></p>



<ol class="wp-block-list">
<li>Wizyta końcowa</li>
</ol>


<div class="gsp_post_data" 
	            data-post_type="page" 
	            data-cat="" 
	            data-modified="120"
	            data-created="1772646891"
	            data-title="Program rehabilitacji narządów ruchu" 
	            data-home="https://rehabilitacja.lodz.pl"></div>

<p>Głównym celem jest poprawa stanu funkcjonalnego uczestników projektu, co pozwoli wznowić lub wydłużyć aktywność zawodową. W wyniku projektu zmniejszą się dolegliwości pacjentów, wzrośnie aktywność fizyczna i wiedza na temat właściwych zachowań zdrowotnych i ergonomii w miejscu pracy. DLA KOGO Projekt obejmuje do 300 osób. Każdy z pacjentów, który zakwalifikuje się do projektu otrzymuje ręcznik od [&hellip;]</p>
